s the hundreds digit of (-176)/(-220) - (-771)/o?
1
Suppose 32566 = 99*w - 2011220 - 1849983. What is the tens digit of w?
3
Let o(u) = 1230*u**2 + 33*u + 99. Let p be o(-3). Suppose 0 = -18*z + 33*z - p. What is the hundreds digit of z?
7
What is the hundreds digit of (1 - -57)*(-9632)/(-64)?
7
Suppose -2*f = -4*v, -2*f + 4*f - 4 = 2*v. What is the units digit of f/((-5)/((-1460)/8))?
6
Let k(x) = 5*x**3 - 2*x**2 - 11*x - 1. Let u(l) = 6*l**3 - 2*l**2 - 12*l - 2. Let t(z) = 7*k(z) - 6*u(z). What is the tens digit of t(-7)?
8
Suppose 13*n - 4*n = 1629. Suppose 4*f + 0*y + 5*y = 769, -f + y + n = 0. What is the hundreds digit of f?
1
Suppose -9*y + 5*y - 3*d = -185, d - 3 = 0. What is the units digit of y?
4
Let s = 44143 - 23427. What is the tens digit of s?
1
Suppose 0 = -12*k + 8*k + 4*r + 9672, -3*k + r + 7258 = 0. What is the tens digit of k?
2
Suppose 0 = -3509*p + 3497*p + 33324. What is the units digit of p?
7
Let x(w) = -w**3 - 17*w**2 - 9. Let j be x(-17). Let o be j/(-24) + (-155421)/(-72). Suppose -3*p = 14*p - o. What is the units digit of p?
7
Let w be 14/56 - (-19)/4. Let r be -22*(10/(-2))/w. Suppose r = 6*h - 98. What is the units digit of h?
0
Let g = -5034 - -10304. What is the thousands digit of g?
5
Let x = 100 + -110. Let q(i) = 5*i**2 - 15*i + 25. What is the tens digit of q(x)?
7
Let m = 3 + 2. Suppose i + m*z - 5 = 0, 3*z - 1 = -16. What is the units digit of ((-78)/(-65))/(4/i)?
9
Let c be (-1)/((-5)/285) - -2. Let z = c + 6. What is the units digit of 13/(z/420) - -1?
5
Let r = -8 + 25. Suppose 98990 = -r*w + 27896. What is the hundreds digit of (w/(-30) - -7) + 2/(-5)?
1
Let g(t) be the first derivative of 4*t**2 - 86*t + 776. Suppose 3*z = -5*a + 2*a + 93, -5*a - 3*z + 145 = 0. What is the units digit of g(a)?
2
Suppose 0 = -3*z - 5*l + 14 + 7, 2*z + 3*l - 13 = 0. Let g be ((-15)/10 - 5/z) + 7. Suppose -9*b = -g*b - 432. What is the units digit of b?
2
Let p(t) = 1290*t**2 - 57*t - 12. What is the thousands digit of p(-4)?
0
Suppose 5*m + 4*l = 3*m + 4, -4 = -m - 4*l. Let d = 12 - 8. Suppose 6*p - d*p - 64 = m. What is the units digit of p?
2
Let b(o) = 7*o**2 + 228*o + 139. What is the tens digit of b(-35)?
3
Suppose -2*u = -4205 - 2615. Suppose -u = 4*d - 2*f, 8*d - 6*d + 3*f + 1701 = 0. Let s = -588 - d. What is the tens digit of s?
6
Suppose -38*z - 29788 = -328316. What is the thousands digit of z?
7
Let m(z) = 338*z**2 - 73*z + 17. What is the ten thousands digit of m(-7)?
1
Suppose -4694 + 581 = -3*w + 3*c, -6854 = -5*w + 4*c. What is the tens digit of w?
7
Suppose u + 8 = 2*n, -n - 1 = -2*n - u. Suppose 0 = s - d + 3*d - 319, 0 = -n*d + 3. What is the units digit of s?
7
What is the units digit of 157/((105/(-1673))/(-15)) - (0 - 8)?
1
Let x = 38 - 50. Let v = -17 - x. Let r(p) = -2*p - 4. What is the units digit of r(v)?
6
Let h(t) = -5*t - 120. Let j be h(-24). Suppose 2*x + 4*f - 202 = j, -5 = 4*f - 1. What is the units digit of x?
3
Suppose -4*z + i = -33050, -35*z + 3*i + 33054 = -31*z. What is the hundreds digit of z?
2
Let j = -5316 + 5354. What is the units digit of j?
8
Let y(d) = 18*d**2 - 6*d + 70. Let n = 646 - 638. What is the thousands digit of y(n)?
1
Let j(z) = 3716*z - 2459. What is the units digit of j(15)?
1
Let i = 1290 + -1338. Suppose -l + 1 = -1. What is the units digit of (i/(-32))/(-3*l/(-272))?
8
Let u(p) = -p**3 - 3*p**2 - 2*p - 2. Let c be u(-3). Suppose 0 = -c*h - 37 - 11. What is the units digit of (h/8)/((-2)/48)?
6
Suppose -r + 810 = -2*q, -3247 = -4*r - q + 2*q. Let l = r - 337. What is the units digit of l?
5
Let a(z) = 57*z. Let k(x) = -x**3 - 15*x**2 - 26*x + 9. Let t be k(-13). Let r be a(t). Let f = -357 + r. What is the units digit of f?
6
Suppose -2*l - 3*j = -16, -4*l + 3*j - 21 = -7*l. Suppose -4*x - 6480 = -4*r + 1640, -6130 = -3*r - l*x. What is the units digit of r?
5
Let b(p) = p**3 + 15*p**2 - p + 5. Let l(v) = -v. Let z(h) = b(h) + 4*l(h). Suppose 28 - 3 = -t - 5*f, -5 = t - 5*f. What is the units digit of z(t)?
0
Suppose 5*m = r - 5, -13 = -0*m - m + 3*r. Let b be 3 + m - (-1)/(-1). Suppose -3*z - 9 = b, 5*z + 80 = -4*y + 305. What is the tens digit of y?
6
Let a be (4/6)/(4/(-6))*-2. Suppose i - 2*i - a*i = 0. Suppose -40 - 38 = -3*j - 3*z, -3*j - 5*z + 84 = i. What is the units digit of j?
3
Suppose -35581 + 363416 + 541970 = 85*j. What is the hundreds digit of j?
2
Suppose -4*u + 21*j - 20*j = -110127, 137664 = 5*u + 4*j. What is the ten thousands digit of u?
2
Let g = -312 + 315. Suppose -3*l + 834 = -4*m - 120, -1613 = -5*l - m. Suppose -6*y = -y - g*d - 421, 4*y + 5*d = l. What is the tens digit of y?
8
Suppose 43*o - 154931 - 315946 = -14*o. What is the thousands digit of o?
8
Suppose -5*a = -5, 0*s + 19 = 3*s + a. Let m(p) = -17*p - 7 + s*p + 17*p. What is the units digit of m(2)?
5
Let p be -8*(5 + -1)/(-16). Suppose 0 = p*i - 6*i + 20. Suppose 129 - 409 = -i*z. What is the tens digit of z?
5
Let c(n) = 69*n**3 - 3*n**2 + 6*n - 7. Let f be c(2). Let a = f - 285. What is the tens digit of a?
6
Let g = 118 - 111. Suppose -177 - 2658 = -g*q. What is the tens digit of q?
0
Suppose -47*x + 94*x = 42*x + 218780. What is the thousands digit of x?
3
Let p = -263 - -265. Suppose p*q - 3*q - 4*u + 359 = 0, 20 = 4*u. What is the units digit of q?
9
Let l be 1/(-2) + (-3)/(-12)*2. Suppose 6*c - 18 = -l. Let x(g) = 8*g**2 - 4*g - 7. What is the units digit of x(c)?
3
Let l = 4706 - 674. Suppose 300*g - l = 294*g. What is the hundreds digit of g?
6
Let d = -225 - -230. Suppose -q + 2*c = -156, -d*q - c + 736 = 11. What is the hundreds digit of q?
1
Let q be 1*(556 - (-2 + 0)). Let c(o) = -o**3 + 40*o**2 - 55*o + 229. Let y be c(39). Let a = y + q. What is the units digit of a?
3
Suppose -2941*s + 369495 = -2872*s. What is the hundreds digit of s?
3
Suppose 15 = 4*h - 3*k, 0 = -2*h + 5*k + 4 + 7. Let p be -6*(-2 - h/(-2)). Suppose -178 - 65 = -p*x. What is the tens digit of x?
8
Suppose 3*j + 20 = -x - 0, -4*x + 4 = 0. Let t(v) = 4*v**2 - v**3 - 2*v + 2 - 11*v**2 - v. What is the units digit of t(j)?
3
Suppose 120 = -7*d + 15*d. Suppose d*f - 10*f = 640. What is the tens digit of f?
2
Let b(t) = 2*t**2 + 20*t + 12. Suppose -3*n = -4*r + 57, -3*n = -3*r + 77 - 20. Let a be b(n). What is the tens digit of 3/(-18)*-3 - a/(-4)?
8
Let n(d) = -331*d + 1881. What is the thousands digit of n(-31)?
2
Suppose 5*z - 9236 - 10804 = -10*z. What is the tens digit of z?
3
Let r(k) = 61*k**3 + 13*k**2 - 85*k - 61. What is the thousands digit of r(6)?
3
Suppose -5*v + 15 + 2 = k, 4*v = 5*k - 56. Suppose 10633 = k*f - 2783. What is the tens digit of f?
1
Let i = -3663 - -11576. What is the hundreds digit of i?
9
Let y(x) = 5*x**2 - 13*x + 10. Let z = -189 + 181. What is the units digit of y(z)?
4
Let u = -52 + 45. Let c be 14/(-8)*(u - -3). What is the units digit of (c/(70/152))/((-6)/(-90))?
8
Suppose 10 - 6 = m. Suppose -r = -2*r + m*d + 337, 2*r = 3*d + 689. What is the tens digit of r?
4
Suppose 0 = 73*b - 78079 - 676522. What is the hundreds digit of b?
3
Let t(i) = i**3 + 22*i**2 + 12*i + 25. Suppose -63*x = -68*x - 105. What is the units digit of t(x)?
4
Suppose -4*p + 2*h + 4 = h, 4*p + 3*h = -12. Suppose -2*f + 5*f - 24 = p. Let l(c) = -c**3 + 10*c**2 + 3*c - 3. What is the tens digit of l(f)?
4
Suppose 31*o = 22*o + 58671. What is the units digit of o?
9
Suppose -5*u + 3*w - 5 = -u, 4*u + 2*w - 10 = 0. Let v be u/(0 + (-4)/(-8)) - -2. What is the units digit of -2 + (-285)/(-6) + (-6)/v?
4
Let r be 4/(-18) - 140/(-63). Suppose l = r*p - 5*p + 1997, -2*l + 659 = p. What is the units digit of p?
7
Suppose 45 - 13 = 3*j - 5*v, 5*j = -v + 16. Let y be 3 + -5 - -5 - (0 + -2). What is the units digit of 46 - 3*(j - y)?
9
Let z be (-1 - 2) + (11 - -30). Suppose 0*k = 5*k + 2*b - 224, 3*b + z = k. What is the units digit of k?
4
Let d = 48719 + -25519. What is the tens digit of d?
0
Let l(f) = -f - 23. Let r be l(-18). What is the units digit of (133/21 + r)*18?
4
What is the units digit of 2/(-19) + (-2450360)/(-418) + -11?
1
Suppose 0 = -3*r + 4*r - 4*i - 5, -5*i = 2*r - 10. Suppose -5*b + 5*z = -4185, r*b = 2*b - 2*z + 2526. What is the tens digit of b?
4
Let n(b) = -b**3 + 32*b**2 + 61*b + 20. What is the units digit of n(28)?
4
Suppose -39*d + 41*d - 14438 = 0. What is t